{"id":84552,"date":"2026-04-09T12:33:54","date_gmt":"2026-04-09T11:33:54","guid":{"rendered":"https:\/\/www.ebilet.pl\/now\/?page_id=84552"},"modified":"2026-04-16T13:01:32","modified_gmt":"2026-04-16T12:01:32","slug":"moshpit-member-tour","status":"publish","type":"page","link":"https:\/\/www.ebilet.pl\/now\/kampania\/moshpit-member-tour\/","title":{"rendered":""},"content":{"rendered":"<section class=\"gap-block  section-margin-40 section-margin-40\"><\/section>\n\n\n<section class=\"wp-block-columns is-layout-flex wp-container-core-columns-is-layout-1 wp-block-columns-is-layout-flex\">\n<div class=\"wp-block-column is-layout-flow wp-block-column-is-layout-flow\"><\/div>\n\n\n\n<div class=\"wp-block-column is-layout-flow wp-block-column-is-layout-flow\" style=\"flex-basis:1000px\">\n<section class=\"image-block  section-margin-32\" >\n        <div class=\"image-block__link\">\n        <a href=\"#belka\"><\/a>\n    <\/div>\n        <div class=\"container\">\n        <div class=\"row\">\n            <div class=\"col-24\">\n                                <div class=\"image-block__container\">\n                    <div class=\"image-block__wrapper\"><img loading=\"lazy\" decoding=\"async\" width=\"1920\" height=\"1920\" src=\"https:\/\/www.ebilet.pl\/now\/app\/uploads\/2026\/04\/landing-1920x1920-1.webp\" class=\"attachment-full size-full\" alt=\"\" srcset=\"https:\/\/www.ebilet.pl\/now\/app\/uploads\/2026\/04\/landing-1920x1920-1.webp 1920w, https:\/\/www.ebilet.pl\/now\/app\/uploads\/2026\/04\/landing-1920x1920-1-1024x1024.webp 1024w, https:\/\/www.ebilet.pl\/now\/app\/uploads\/2026\/04\/landing-1920x1920-1-150x150.webp 150w, https:\/\/www.ebilet.pl\/now\/app\/uploads\/2026\/04\/landing-1920x1920-1-1536x1536.webp 1536w, https:\/\/www.ebilet.pl\/now\/app\/uploads\/2026\/04\/landing-1920x1920-1-1280x1280.webp 1280w, https:\/\/www.ebilet.pl\/now\/app\/uploads\/2026\/04\/landing-1920x1920-1-500x500.webp 500w, https:\/\/www.ebilet.pl\/now\/app\/uploads\/2026\/04\/landing-1920x1920-1-632x632.webp 632w\" sizes=\"(max-width: 1920px) 100vw, 1920px\" \/><\/div>\n                                    <\/div>\n                            <\/div>\n        <\/div>\n    <\/div>\n<\/section><\/div>\n\n\n\n<div class=\"wp-block-column is-layout-flow wp-block-column-is-layout-flow\"><\/div>\n<\/section>\n\n\n<section class=\"gap-block  section-margin-32 section-margin-32\"><\/section>\n\n\n<section class=\"text-block  section-margin-40\" id=\"opis\" >\n    <div class=\"container\">\n        <div class=\"row\">\n            <div class=\"col-24\">\n                <div class=\"text-block__content\"><h1 style=\"text-align: center;\"><span style=\"color: #f4f4f4;\">MOSHPIT MEMBER TOUR<\/span><\/h1>\n<h1 style=\"text-align: center;\"><span style=\"color: #f4f4f4;\">4 MIASTA W NIECA\u0141E 7 TYGODNI<\/span><\/h1>\n<\/div>\n            <\/div>\n        <\/div>\n    <\/div>\n<\/section>\n\n\n<section  class=\"countdown  section-margin-32\">\n    <div class=\"container\">\n\n        <div class=\"row\">\n\n            <div class=\"col-24 countdown-wrapper\" style=\"background-image: url('https:\/\/www.ebilet.pl\/now\/app\/uploads\/2025\/12\/1920x1080-background.webp')\">\n                <div class=\"countdown__text\">\n                                            <h2 class=\"countdown__text-header f-700\" style=\"color: #f4f4f4\" >Do rozpocz\u0119cia otwartej sprzeda\u017cy pozosta\u0142o:<\/h2>\n                    \n                    \n                <\/div>\n                <div class=\"countdown__counter f-500\" id=\"counter\">\n                    <div class=\"countdown__counter-wrapper\">\n                        <div class=\"number-wrapper\">\n                            <div id=\"days\" style=\"background-image: url('https:\/\/www.ebilet.pl\/now\/app\/uploads\/2025\/12\/1920x1080-background.webp')\"><\/div>\n                        <\/div>\n                        <div class=\"countdown__counter-label\" id=\"days-label\" style=\"color: #f4f4f4\" >dni<\/div>\n                    <\/div>\n                    <div class=\"countdown__counter-wrapper\">\n                        <div class=\"number-wrapper\">\n                            <div id=\"hours\" style=\"background-image: url('https:\/\/www.ebilet.pl\/now\/app\/uploads\/2025\/12\/1920x1080-background.webp')\"><\/div>\n                        <\/div>\n                        <div class=\"countdown__counter-label\" id=\"hours-label\" style=\"color: #f4f4f4\" >godziny<\/div>\n                    <\/div>\n                    <div class=\"countdown__counter-wrapper\">\n                        <div class=\"number-wrapper\">\n                            <div id=\"minutes\" style=\"background-image: url('https:\/\/www.ebilet.pl\/now\/app\/uploads\/2025\/12\/1920x1080-background.webp')\"><\/div>\n                        <\/div>\n                        <div class=\"countdown__counter-label\" id=\"minutes-label\" style=\"color: #f4f4f4\" >minuty<\/div>\n                    <\/div>\n                    <div class=\"countdown__counter-wrapper\">\n                        <div class=\"number-wrapper\">\n                            <div id=\"seconds\" style=\"background-image: url('https:\/\/www.ebilet.pl\/now\/app\/uploads\/2025\/12\/1920x1080-background.webp')\"><\/div>\n                        <\/div>\n                        <div class=\"countdown__counter-label\" id=\"seconds-label\" style=\"color: #f4f4f4\" >sekundy<\/div>\n                    <\/div>\n                <\/div>\n                \n                <script>\n                    let acfDateTime = \"2026-04-16 14:47:00\";\n                    let acfTimestamp = new Date(acfDateTime).getTime();\n                    let endInfo = \"Sprzeda\u017c otwarta rozpocz\u0119ta!\"\n\n                    const countdown = setInterval(() => {\n                        const now = new Date().getTime();\n                        const timeLeft = acfTimestamp - now;\n\n                        if (timeLeft > 0) {\n                            let days = Math.floor(timeLeft \/ (1000 * 60 * 60 * 24));\n                            let hours = Math.floor((timeLeft % (1000 * 60 * 60 * 24)) \/ (1000 * 60 * 60));\n                            let minutes = Math.floor((timeLeft % (1000 * 60 * 60)) \/ (1000 * 60));\n                            let seconds = Math.floor((timeLeft % (1000 * 60)) \/ 1000);\n\n                            document.getElementById(\"days\").textContent = String(days).padStart(2, '0');\n                            document.getElementById(\"hours\").textContent = String(hours).padStart(2, '0');\n                            document.getElementById(\"minutes\").textContent = String(minutes).padStart(2, '0');\n                            document.getElementById(\"seconds\").textContent = String(seconds).padStart(2, '0');\n\n                            document.getElementById(\"days-label\").textContent = `${getDayLabel(days)}`;\n                            document.getElementById(\"hours-label\").textContent = `${getHourLabel(hours)}`;\n                            document.getElementById(\"minutes-label\").textContent = `${getMinuteLabel(minutes)}`;\n                            document.getElementById(\"seconds-label\").textContent = `${getSecondLabel(seconds)}`;\n                        } else {\n                            clearInterval(countdown);\n                            document.querySelector(\".countdown__counter\").innerHTML = \"<h3>\" + endInfo + \"<\/h3>\";\n                        }\n                    }, 1000);\n\n                    function getLabel(value, singular, few, plural) {\n                        if (value === 1) {\n                            return singular;\n                        }\n\n                        if (value % 100 >= 12 && value % 100 <= 14) {\n                            return plural;\n                        }\n\n                        switch (value % 10) {\n                            case 2:\n                            case 3:\n                            case 4:\n                                return few;\n                            default:\n                                return plural;\n                        }\n                    }\n\n                    function getDayLabel(days) {\n                        return getLabel(days, \"dzie\u0144\", \"dni\", \"dni\");\n                    }\n\n                    function getHourLabel(hours) {\n                        return getLabel(hours, \"godzina\", \"godziny\", \"godzin\");\n                    }\n\n                    function getMinuteLabel(minutes) {\n                        return getLabel(minutes, \"minuta\", \"minuty\", \"minut\");\n                    }\n\n                    function getSecondLabel(seconds) {\n                        return getLabel(seconds, \"sekunda\", \"sekundy\", \"sekund\");\n                    }\n                <\/script>\n\n            <\/div>\n        <\/div>\n    <\/div>\n<\/section>\n\n\n<section class=\"image-block  section-margin-40\" id=\"belka\" >\n        <div class=\"image-block__link\">\n        <a href=\"https:\/\/www.ebilet.pl\/muzyka\/hip-hop-rap\/oki?partner=revolume&#038;city=\u0141\u00f3d\u017a\"><\/a>\n    <\/div>\n        <div class=\"container\">\n        <div class=\"row\">\n            <div class=\"col-24\">\n                                <div class=\"image-block__container\">\n                    <div class=\"image-block__wrapper\"><img loading=\"lazy\" decoding=\"async\" width=\"1200\" height=\"200\" src=\"https:\/\/www.ebilet.pl\/now\/app\/uploads\/2026\/04\/landing-1200x200-lodz.webp\" class=\"attachment-full size-full\" alt=\"\" srcset=\"https:\/\/www.ebilet.pl\/now\/app\/uploads\/2026\/04\/landing-1200x200-lodz.webp 1200w, https:\/\/www.ebilet.pl\/now\/app\/uploads\/2026\/04\/landing-1200x200-lodz-1024x171.webp 1024w, https:\/\/www.ebilet.pl\/now\/app\/uploads\/2026\/04\/landing-1200x200-lodz-500x83.webp 500w, https:\/\/www.ebilet.pl\/now\/app\/uploads\/2026\/04\/landing-1200x200-lodz-632x105.webp 632w\" sizes=\"(max-width: 1200px) 100vw, 1200px\" \/><\/div>\n                                    <\/div>\n                            <\/div>\n        <\/div>\n    <\/div>\n<\/section>\n\n\n<section class=\"image-block  section-margin-40\" id=\"belka\" >\n        <div class=\"image-block__link\">\n        <a href=\"https:\/\/www.ebilet.pl\/muzyka\/hip-hop-rap\/oki?partner=revolume&#038;city=Wroc\u0142aw\"><\/a>\n    <\/div>\n        <div class=\"container\">\n        <div class=\"row\">\n            <div class=\"col-24\">\n                                <div class=\"image-block__container\">\n                    <div class=\"image-block__wrapper\"><img loading=\"lazy\" decoding=\"async\" width=\"1200\" height=\"200\" src=\"https:\/\/www.ebilet.pl\/now\/app\/uploads\/2026\/04\/landing-1200x200-wroclaw.webp\" class=\"attachment-full size-full\" alt=\"\" srcset=\"https:\/\/www.ebilet.pl\/now\/app\/uploads\/2026\/04\/landing-1200x200-wroclaw.webp 1200w, https:\/\/www.ebilet.pl\/now\/app\/uploads\/2026\/04\/landing-1200x200-wroclaw-1024x171.webp 1024w, https:\/\/www.ebilet.pl\/now\/app\/uploads\/2026\/04\/landing-1200x200-wroclaw-500x83.webp 500w, https:\/\/www.ebilet.pl\/now\/app\/uploads\/2026\/04\/landing-1200x200-wroclaw-632x105.webp 632w\" sizes=\"(max-width: 1200px) 100vw, 1200px\" \/><\/div>\n                                    <\/div>\n                            <\/div>\n        <\/div>\n    <\/div>\n<\/section>\n\n\n<section class=\"image-block  section-margin-40\" id=\"belka\" >\n        <div class=\"image-block__link\">\n        <a href=\"https:\/\/www.ebilet.pl\/muzyka\/hip-hop-rap\/oki?partner=revolume&#038;city=Gda\u0144sk%2FSopot\"><\/a>\n    <\/div>\n        <div class=\"container\">\n        <div class=\"row\">\n            <div class=\"col-24\">\n                                <div class=\"image-block__container\">\n                    <div class=\"image-block__wrapper\"><img loading=\"lazy\" decoding=\"async\" width=\"1200\" height=\"200\" src=\"https:\/\/www.ebilet.pl\/now\/app\/uploads\/2026\/04\/landing-1200x200-gdansk-sopot.webp\" class=\"attachment-full size-full\" alt=\"\" srcset=\"https:\/\/www.ebilet.pl\/now\/app\/uploads\/2026\/04\/landing-1200x200-gdansk-sopot.webp 1200w, https:\/\/www.ebilet.pl\/now\/app\/uploads\/2026\/04\/landing-1200x200-gdansk-sopot-1024x171.webp 1024w, https:\/\/www.ebilet.pl\/now\/app\/uploads\/2026\/04\/landing-1200x200-gdansk-sopot-500x83.webp 500w, https:\/\/www.ebilet.pl\/now\/app\/uploads\/2026\/04\/landing-1200x200-gdansk-sopot-632x105.webp 632w\" sizes=\"(max-width: 1200px) 100vw, 1200px\" \/><\/div>\n                                    <\/div>\n                            <\/div>\n        <\/div>\n    <\/div>\n<\/section>\n\n\n<section class=\"image-block  section-margin-56\" id=\"belka\" >\n        <div class=\"image-block__link\">\n        <a href=\"https:\/\/www.ebilet.pl\/muzyka\/hip-hop-rap\/oki?partner=revolume&#038;city=Krak\u00f3w\"><\/a>\n    <\/div>\n        <div class=\"container\">\n        <div class=\"row\">\n            <div class=\"col-24\">\n                                <div class=\"image-block__container\">\n                    <div class=\"image-block__wrapper\"><img loading=\"lazy\" decoding=\"async\" width=\"1200\" height=\"200\" src=\"https:\/\/www.ebilet.pl\/now\/app\/uploads\/2026\/04\/landing-1200x200-krakow.webp\" class=\"attachment-full size-full\" alt=\"\" srcset=\"https:\/\/www.ebilet.pl\/now\/app\/uploads\/2026\/04\/landing-1200x200-krakow.webp 1200w, https:\/\/www.ebilet.pl\/now\/app\/uploads\/2026\/04\/landing-1200x200-krakow-1024x171.webp 1024w, https:\/\/www.ebilet.pl\/now\/app\/uploads\/2026\/04\/landing-1200x200-krakow-500x83.webp 500w, https:\/\/www.ebilet.pl\/now\/app\/uploads\/2026\/04\/landing-1200x200-krakow-632x105.webp 632w\" sizes=\"(max-width: 1200px) 100vw, 1200px\" \/><\/div>\n                                    <\/div>\n                            <\/div>\n        <\/div>\n    <\/div>\n<\/section>\n\n<section class=\"gap-block  section-margin-56 section-margin-56\"><\/section>\n\n\n<section class=\"text-block  section-margin-56\" id=\"opis\" >\n    <div class=\"container\">\n        <div class=\"row\">\n            <div class=\"col-24\">\n                <div class=\"text-block__content\"><h3><span style=\"color: #f4f4f4;\"><strong>OKI MOSHPIT MEMBER TOUR 2026\u00a0 \u2013 najcz\u0119\u015bciej zadawane pytania i zasady uczestnictwa\u00a0<\/strong><\/span><\/h3>\n<p><span style=\"font-weight: 400; color: #f4f4f4;\">Po nabyciu biletu osoby kupuj\u0105ce otrzymaj\u0105 potwierdzenie transakcji. Bilety zostan\u0105 wygenerowane i wys\u0142ane na adres podany podczas sk\u0142adania zam\u00f3wienia do 30 dni przed dat\u0105 wydarzenia.<\/span><\/p>\n<h4><span style=\"color: #f4f4f4;\"><b>\u00a0Limit zakupu na u\u017cytkownika<\/b><span style=\"font-weight: 400;\">: 8 sztuk.<\/span><\/span><\/h4>\n<p><span style=\"color: #f4f4f4;\"><b>Wszystkie bilety s\u0105 personalizowane <\/b><span style=\"font-weight: 400;\">&#8211; oznacza to, \u017ce podczas sk\u0142adania zam\u00f3wienia nale\u017cy obowi\u0105zkowo poda\u0107<\/span><b> imi\u0119 i nazwisko ka\u017cdego uczestnika<\/b><span style=\"font-weight: 400;\">. Imi\u0119 i nazwisko ka\u017cdego z uczestnik\u00f3w koncertu zostanie wydrukowane na bilecie. Bilety b\u0119d\u0105 sprawdzane przy wej\u015bciu na koncert, aby por\u00f3wna\u0107, czy dane zamieszczone na bilecie odpowiadaj\u0105 danym zawartym w dokumencie to\u017csamo\u015bci uczestnika. Mo\u017cliwa b\u0119dzie zmiana danych na bilecie &#8211; op\u0142ata za ni\u0105 to 50 z\u0142\/bilet.<\/span><\/span><\/p>\n<p><span style=\"color: #f4f4f4;\"><span style=\"font-weight: 400;\">Wysy\u0142ka bilet\u00f3w nast\u0105pi <\/span><b>30 dni <\/b><span style=\"font-weight: 400;\">przed dat\u0105 koncertu &#8211; dopiero wtedy b\u0119dzie mo\u017cliwa zmiana danych na bilecie.<\/span><\/span><\/p>\n<p><span style=\"font-weight: 400; color: #f4f4f4;\">\u2212 Osoby, kt\u00f3re nie uko\u0144czy\u0142y 16 roku \u017cycia mog\u0105 uczestniczy\u0107 w wydarzeniu tylko pod opiek\u0105 rodzica, opiekuna prawnego lub upowa\u017cnionej pisemnie przez rodzica lub opiekuna prawnego osoby pe\u0142noletniej.<\/span><\/p>\n<p><span style=\"font-weight: 400; color: #f4f4f4;\">&#8211; Nie rekomendujemy zabierania dzieci poni\u017cej 7-go roku \u017cycia na p\u0142yt\u0119.<\/span><\/p>\n<p><span style=\"color: #f4f4f4;\"><span style=\"font-weight: 400;\">\u2212 Osoby ma\u0142oletnie pomi\u0119dzy 16 a 18 rokiem \u017cycia mog\u0105 samodzielnie uczestniczy\u0107 w koncercie pod warunkiem okazania na wej\u015bciu na wydarzenie czytelnie wype\u0142nionego i podpisanego przez rodzic\u00f3w lub opiekun\u00f3w prawnych formularza zgody. Wz\u00f3r formularza zgody dost\u0119pny jest na stronie: <\/span><span style=\"color: #e3e3e3;\"><a style=\"color: #e3e3e3;\" href=\"https:\/\/www.revolume.pl\/documents\/pisemna-zgoda--oswiadczenie-rodzicow-opiekunow.pdf\" rel=\"nofollow noopener\" target=\"_blank\"><b>Formularz zgody<\/b><\/a><\/span><\/span><\/p>\n<p><span style=\"color: #f4f4f4;\"><span style=\"font-weight: 400;\">\u2212 Zar\u00f3wno osoba z niepe\u0142nosprawno\u015bci\u0105, jak i jej opiekun lub osoba towarzysz\u0105ca, musz\u0105 zakupi\u0107 bilet na wydarzenie. W celu zakupu biletu dla OzN prosimy o kontakt poprzez <\/span><a style=\"color: #f4f4f4;\" href=\"https:\/\/www.ebilet.pl\/kontakt\"><b><span style=\"color: #e3e3e3;\">formularz kontaktowy<\/span><\/b><\/a><span style=\"font-weight: 400;\"><span style=\"color: #e3e3e3;\">.<\/span> Nale\u017cy mie\u0107 przy sobie dokument potwierdzaj\u0105cy status OzN (legitymacja lub orzeczenie z dokumentem ze zdj\u0119ciem potwierdzaj\u0105cym to\u017csamo\u015b\u0107).<\/span><\/span><\/p>\n<p><span style=\"font-weight: 400; color: #f4f4f4;\">\u2212 Ka\u017cdy uczestnik wydarzenia (Zar\u00f3wno OzN jak i Opiekun) musi posiada\u0107 wa\u017cny bilet.<\/span><\/p>\n<h3><\/h3>\n<p><span style=\"color: #f4f4f4;\"><span style=\"font-weight: 400;\">Pe\u0142na tre\u015b\u0107 regulaminu dost\u0119pna jest do pobrania pod tym linkiem: <\/span><span style=\"color: #e3e3e3;\"><a style=\"color: #e3e3e3;\" href=\"https:\/\/www.ebilet.pl\/now\/app\/uploads\/2025\/09\/Regulamin_Revolume_AK_-1.pdf\"><b>Regulamin<\/b><\/a><\/span><\/span><\/p>\n<\/div>\n            <\/div>\n        <\/div>\n    <\/div>\n<\/section>\n\n<section class=\"gap-block  section-margin-40 section-margin-40\"><\/section>\n\n\n<style>\n\nbody {\n  background-image: url('https:\/\/www.ebilet.pl\/now\/app\/uploads\/2025\/12\/1920x1080-background.webp');\n  background-repeat: no-repeat;\n  background-attachment: fixed;\n  background-size: cover;\n  }\n\n.banner__bg::before { \n    display: none;\n}\n.banner__bg::after {\n    display: none;\n}\n\n.social-widget {\n    display: none;\n  }\n#opis .text-block__content {\n  border: 2px solid #F4F4F4;\n  border-radius: 16px;\npadding: 16px 16px;\n}\n\n\n#belka .container .row .col-24 .image-block__container {\n  border: 2px solid #F4F4F4;\n  border-radius: 16px;\n}\n#nowy .container .row .col-24 .image-block__container {\n  border: 2px solid #F4F4F4;\n  border-radius: 16px;\n}\n<\/style>\n","protected":false},"excerpt":{"rendered":"","protected":false},"author":7,"featured_media":0,"parent":47615,"menu_order":0,"comment_status":"closed","ping_status":"closed","template":"page-templates\/gutenberg-hero.php","meta":{"_acf_changed":false,"footnotes":""},"article_tag":[],"acf":[],"_links":{"self":[{"href":"https:\/\/www.ebilet.pl\/now\/wp-json\/wp\/v2\/pages\/84552"}],"collection":[{"href":"https:\/\/www.ebilet.pl\/now\/wp-json\/wp\/v2\/pages"}],"about":[{"href":"https:\/\/www.ebilet.pl\/now\/wp-json\/wp\/v2\/types\/page"}],"author":[{"embeddable":true,"href":"https:\/\/www.ebilet.pl\/now\/wp-json\/wp\/v2\/users\/7"}],"replies":[{"embeddable":true,"href":"https:\/\/www.ebilet.pl\/now\/wp-json\/wp\/v2\/comments?post=84552"}],"version-history":[{"count":2,"href":"https:\/\/www.ebilet.pl\/now\/wp-json\/wp\/v2\/pages\/84552\/revisions"}],"predecessor-version":[{"id":85261,"href":"https:\/\/www.ebilet.pl\/now\/wp-json\/wp\/v2\/pages\/84552\/revisions\/85261"}],"up":[{"embeddable":true,"href":"https:\/\/www.ebilet.pl\/now\/wp-json\/wp\/v2\/pages\/47615"}],"wp:attachment":[{"href":"https:\/\/www.ebilet.pl\/now\/wp-json\/wp\/v2\/media?parent=84552"}],"wp:term":[{"taxonomy":"article_tag","embeddable":true,"href":"https:\/\/www.ebilet.pl\/now\/wp-json\/wp\/v2\/article_tag?post=84552"}],"curies":[{"name":"wp","href":"https:\/\/api.w.org\/{rel}","templated":true}]}}